{"id":1683,"date":"2024-02-07T01:14:50","date_gmt":"2024-02-07T01:14:50","guid":{"rendered":"https:\/\/cncma.de\/?page_id=1683"},"modified":"2024-03-13T10:55:58","modified_gmt":"2024-03-13T09:55:58","slug":"start","status":"publish","type":"page","link":"https:\/\/cncma.de\/","title":{"rendered":"Start"},"content":{"rendered":"<div class=\"wpb-content-wrapper\">[vc_row][vc_column width=&#8220;2\/5&#8243;][vc_column_text]Willkommen auf CNCma.de<\/p>\n<p>Produkte und Dienstleistungen aus dem Herzen Europas von 3D-Druck \u00fcber Elektronik bis CNC-Zerspanung. Im Shop finden Sie Produkte, die in Kleinserien produziert werden und in der Regel auf lager sind, oder kurzfristig produziert werden k\u00f6nnen.<\/p>\n<p>Sollten Sie ein Produkt im Shop (besonders bei 3D-Drucken) andere Farben oder Motive w\u00fcnsche, so ist dies in der Regel m\u00f6glich, schreiben sie mir hierzu gerne eine\u00a0<a href=\"mailto:info@cncma.de\" target=\"_blank\" rel=\"noopener\">eMail<\/a>.<\/p>\n<p>Haben Sie eigene Ideen und ben\u00f6tigen vor der Produktion Unterst\u00fctzung bei der CAD-Konstruktion oder dem Reverse Engineering von Ersatzteilen oder \u00c4hnlichem, schreiben sie einfach eine Nachricht.[\/vc_column_text][\/vc_column][vc_column width=&#8220;3\/5&#8243;][vc_row_inner][vc_column_inner width=&#8220;1\/3&#8243;][vc_single_image image=&#8220;1917&#8243; img_size=&#8220;large&#8220; alignment=&#8220;center&#8220; style=&#8220;vc_box_rounded&#8220; onclick=&#8220;custom_link&#8220; link=&#8220;https:\/\/cncma.de\/index.php\/product-category\/gedruckt\/&#8220;][\/vc_column_inner][vc_column_inner width=&#8220;1\/3&#8243;][vc_single_image image=&#8220;1918&#8243; img_size=&#8220;medium&#8220; alignment=&#8220;center&#8220; style=&#8220;vc_box_rounded&#8220; onclick=&#8220;custom_link&#8220; link=&#8220;https:\/\/cncma.de\/index.php\/product-category\/gefraest\/&#8220;][\/vc_column_inner][vc_column_inner width=&#8220;1\/3&#8243;][vc_single_image image=&#8220;1919&#8243; img_size=&#8220;medium&#8220; alignment=&#8220;center&#8220; style=&#8220;vc_box_rounded&#8220; onclick=&#8220;custom_link&#8220; link=&#8220;https:\/\/cncma.de\/index.php\/product-category\/geloetet\/&#8220;][\/vc_column_inner][\/vc_row_inner][\/vc_column][\/vc_row][vc_row][vc_column][vc_basic_grid post_type=&#8220;post&#8220; max_items=&#8220;12&#8243; style=&#8220;lazy&#8220; items_per_page=&#8220;4&#8243; gap=&#8220;15&#8243; item=&#8220;1977&#8243; grid_id=&#8220;vc_gid:1710323008885-e58964f34a2f10b6a7a49f2888302399-9&#8243; taxonomies=&#8220;101&#8243;][\/vc_column][\/vc_row][vc_row][vc_column]<div class=\"woocommerce columns-4 \"><div class=\"row products columns-4\">\n\n<div class=\"hb-woo-product post-2082 product type-product status-publish has-post-thumbnail product_cat-gedruckt product_tag-chip product_tag-edc product_tag-einkaufswagen product_tag-gegenrechts product_tag-geschenk product_tag-ogr product_tag-omas-gegen-rechts product_shipping_class-brief first instock featured taxable shipping-taxable purchasable product-type-variable has-default-attributes\">\n\n\t<a href=\"https:\/\/cncma.de\/index.php\/product\/einkaufswagenchip-omas-gegen-rechts\/\" class=\"woocommerce-LoopProduct-link woocommerce-loop-product__link\">\n\t<a href=\"https:\/\/cncma.de\/index.php\/product\/einkaufswagenchip-omas-gegen-rechts\/\">\n\t<div class=\"hb-woo-image-wrap\">\n\n\t\t<img loading=\"lazy\" decoding=\"async\" width=\"400\" height=\"400\" src=\"https:\/\/cncma.de\/wp-content\/uploads\/2025\/08\/Mittel-IMG_4805-400x400.jpeg\" class=\"attachment-woocommerce_thumbnail size-woocommerce_thumbnail\" alt=\"Omas gegen Rechts Einkaufswagenchips\" srcset=\"https:\/\/cncma.de\/wp-content\/uploads\/2025\/08\/Mittel-IMG_4805-400x400.jpeg 400w, https:\/\/cncma.de\/wp-content\/uploads\/2025\/08\/Mittel-IMG_4805-300x300.jpeg 300w, https:\/\/cncma.de\/wp-content\/uploads\/2025\/08\/Mittel-IMG_4805-150x150.jpeg 150w, https:\/\/cncma.de\/wp-content\/uploads\/2025\/08\/Mittel-IMG_4805-600x600.jpeg 600w, https:\/\/cncma.de\/wp-content\/uploads\/2025\/08\/Mittel-IMG_4805-100x100.jpeg 100w, https:\/\/cncma.de\/wp-content\/uploads\/2025\/08\/Mittel-IMG_4805.jpeg 640w\" sizes=\"auto, (max-width: 400px) 100vw, 400px\" \/>\t\t\t\t<span class=\"product-loading-icon\"><\/span>\t\t\t\t\t<\/a>\n\t<p class=\"wc-gzd-additional-info wc-gzd-additional-info-loop tax-info\">inkl. MwSt.<\/p>\n\n\t<p class=\"wc-gzd-additional-info wc-gzd-additional-info-loop shipping-costs-info\">zzgl. <a href=\"https:\/\/cncma.de\/index.php\/versandarten\/\" target=\"_blank\">Versandkosten<\/a><\/p>\n\n\t<p class=\"wc-gzd-additional-info delivery-time-info wc-gzd-additional-info-loop\"><span class=\"delivery-time-inner delivery-time-5-7-werktage\">Lieferzeit: <span class=\"delivery-time-data\">5-7 Werktage<\/span><\/span><\/p>\n\n<a href=\"https:\/\/cncma.de\/index.php\/product\/einkaufswagenchip-omas-gegen-rechts\/\" aria-describedby=\"woocommerce_loop_add_to_cart_link_describedby_2082\" data-quantity=\"1\" class=\"button product_type_variable add_to_cart_button hb-buy-button\" data-product_id=\"2082\" data-product_sku=\"\" aria-label=\"W\u00e4hle Optionen f\u00fcr \u201eEinkaufswagenchip &quot;OMAS GEGEN RECHTS&quot;\u201c\" rel=\"nofollow\">Ausf\u00fchrung w\u00e4hlen<\/a><span id=\"woocommerce_loop_add_to_cart_link_describedby_2082\" class=\"screen-reader-text\">\n\tDieses Produkt weist mehrere Varianten auf. Die Optionen k\u00f6nnen auf der Produktseite gew\u00e4hlt werden<\/span>\n\n\t\t\t\t\t<\/div>\n\t<\/a>\n\n\t<div class=\"hb-product-meta-wrapper\">\n        <div class=\"hb-product-meta\">\n\n            <div class=\"hb-woo-product-details\">\n                <a href=\"https:\/\/cncma.de\/index.php\/product\/einkaufswagenchip-omas-gegen-rechts\/\"><h3 class=\"woocommerce-loop-product__title\">Einkaufswagenchip &#8222;OMAS GEGEN RECHTS&#8220;<\/h3><\/a>\n                                <div class=\"woo-cats\"><span class=\"hb-woo-shop-cats\"> <a href=\"https:\/\/cncma.de\/index.php\/product-category\/gedruckt\/\" rel=\"tag\">Gedruckt<\/a><\/span><\/div>\n            <\/div>\n        <\/div>\n    \n        <div class=\"hb-product-price-likes\">\n        \n\t<span class=\"price\"><span class=\"woocommerce-Price-amount amount\"><bdi>2,99&nbsp;<span class=\"woocommerce-Price-currencySymbol\">&euro;<\/span><\/bdi><\/span> &ndash; <span class=\"woocommerce-Price-amount amount\"><bdi>50,00&nbsp;<span class=\"woocommerce-Price-currencySymbol\">&euro;<\/span><\/bdi><\/span><\/span>\n\n\n\n<div title=\"Like this post. Einkaufswagenchip &#8222;OMAS GEGEN RECHTS&#8220;\" id=\"like-2082\" class=\"like-holder like-button\" data-post-id=\"2082\" data-nonce=\"a91f81b36a\"><i class=\"hb-moon-heart\"><\/i><span>2<\/span><\/div>        <\/div>\n\n    <\/div>\n<\/div>\n\n\n<div class=\"hb-woo-product post-2071 product type-product status-publish has-post-thumbnail product_cat-gedruckt product_cat-rc-fpv product_tag-akku product_tag-charge product_tag-drohne product_tag-drone product_tag-fpv product_tag-kappe product_tag-quad product_tag-rc product_tag-xt30 product_shipping_class-grossbrief  instock featured taxable shipping-taxable purchasable product-type-variable\">\n\n\t<a href=\"https:\/\/cncma.de\/index.php\/product\/steckerkappe-xt90\/\" class=\"woocommerce-LoopProduct-link woocommerce-loop-product__link\">\n\t<a href=\"https:\/\/cncma.de\/index.php\/product\/steckerkappe-xt90\/\">\n\t<div class=\"hb-woo-image-wrap\">\n\n\t\t<img loading=\"lazy\" decoding=\"async\" width=\"400\" height=\"400\" src=\"https:\/\/cncma.de\/wp-content\/uploads\/2025\/04\/XT90-400x400.jpeg\" class=\"attachment-woocommerce_thumbnail size-woocommerce_thumbnail\" alt=\"XT90 Kappe\" srcset=\"https:\/\/cncma.de\/wp-content\/uploads\/2025\/04\/XT90-400x400.jpeg 400w, https:\/\/cncma.de\/wp-content\/uploads\/2025\/04\/XT90-150x150.jpeg 150w, https:\/\/cncma.de\/wp-content\/uploads\/2025\/04\/XT90-100x100.jpeg 100w\" sizes=\"auto, (max-width: 400px) 100vw, 400px\" \/>\t\t\t\t<span class=\"product-loading-icon\"><\/span>\t\t\t\t\t<\/a>\n\t<p class=\"wc-gzd-additional-info wc-gzd-additional-info-loop tax-info\">inkl. MwSt.<\/p>\n\n\t<p class=\"wc-gzd-additional-info wc-gzd-additional-info-loop shipping-costs-info\">zzgl. <a href=\"https:\/\/cncma.de\/index.php\/versandarten\/\" target=\"_blank\">Versandkosten<\/a><\/p>\n\n\t<p class=\"wc-gzd-additional-info delivery-time-info wc-gzd-additional-info-loop\"><span class=\"delivery-time-inner delivery-time-5-7-werktage\">Lieferzeit: <span class=\"delivery-time-data\">5-7 Werktage<\/span><\/span><\/p>\n\n<a href=\"https:\/\/cncma.de\/index.php\/product\/steckerkappe-xt90\/\" aria-describedby=\"woocommerce_loop_add_to_cart_link_describedby_2071\" data-quantity=\"1\" class=\"button product_type_variable add_to_cart_button hb-buy-button\" data-product_id=\"2071\" data-product_sku=\"1266\" aria-label=\"W\u00e4hle Optionen f\u00fcr \u201eSteckerkappe XT90\u201c\" rel=\"nofollow\">Ausf\u00fchrung w\u00e4hlen<\/a><span id=\"woocommerce_loop_add_to_cart_link_describedby_2071\" class=\"screen-reader-text\">\n\tDieses Produkt weist mehrere Varianten auf. Die Optionen k\u00f6nnen auf der Produktseite gew\u00e4hlt werden<\/span>\n\n\t\t\t\t\t<\/div>\n\t<\/a>\n\n\t<div class=\"hb-product-meta-wrapper\">\n        <div class=\"hb-product-meta\">\n\n            <div class=\"hb-woo-product-details\">\n                <a href=\"https:\/\/cncma.de\/index.php\/product\/steckerkappe-xt90\/\"><h3 class=\"woocommerce-loop-product__title\">Steckerkappe XT90<\/h3><\/a>\n                                <div class=\"woo-cats\"><span class=\"hb-woo-shop-cats\"> <a href=\"https:\/\/cncma.de\/index.php\/product-category\/gedruckt\/\" rel=\"tag\">Gedruckt<\/a>, <a href=\"https:\/\/cncma.de\/index.php\/product-category\/rc-fpv\/\" rel=\"tag\">RC \/ FPV<\/a><\/span><\/div>\n            <\/div>\n        <\/div>\n    \n        <div class=\"hb-product-price-likes\">\n        \n\t<span class=\"price\"><span class=\"woocommerce-Price-amount amount\"><bdi>0,99&nbsp;<span class=\"woocommerce-Price-currencySymbol\">&euro;<\/span><\/bdi><\/span><\/span>\n\n\n\n<div title=\"Like this post. Steckerkappe XT90\" id=\"like-2071\" class=\"like-holder like-button\" data-post-id=\"2071\" data-nonce=\"a91f81b36a\"><i class=\"hb-moon-heart\"><\/i><span>2<\/span><\/div>        <\/div>\n\n    <\/div>\n<\/div>\n\n\n<div class=\"hb-woo-product post-1997 product type-product status-publish has-post-thumbnail product_cat-gedruckt product_cat-rc-fpv product_tag-brille product_tag-dji product_tag-fpv product_tag-goggles product_tag-integra product_tag-schutz product_tag-tpu  instock featured taxable shipping-taxable purchasable product-type-variable has-default-attributes\">\n\n\t<a href=\"https:\/\/cncma.de\/index.php\/product\/dji-goggles-integra-schutzkappen-set\/\" class=\"woocommerce-LoopProduct-link woocommerce-loop-product__link\">\n\t<a href=\"https:\/\/cncma.de\/index.php\/product\/dji-goggles-integra-schutzkappen-set\/\">\n\t<div class=\"hb-woo-image-wrap\">\n\n\t\t<img loading=\"lazy\" decoding=\"async\" width=\"400\" height=\"400\" src=\"https:\/\/cncma.de\/wp-content\/uploads\/2024\/03\/Thumb_Etsy-400x400.jpg\" class=\"attachment-woocommerce_thumbnail size-woocommerce_thumbnail\" alt=\"DJI Goggles Integra Schutzkappen Set\" srcset=\"https:\/\/cncma.de\/wp-content\/uploads\/2024\/03\/Thumb_Etsy-400x400.jpg 400w, https:\/\/cncma.de\/wp-content\/uploads\/2024\/03\/Thumb_Etsy-300x300.jpg 300w, https:\/\/cncma.de\/wp-content\/uploads\/2024\/03\/Thumb_Etsy-1024x1024.jpg 1024w, https:\/\/cncma.de\/wp-content\/uploads\/2024\/03\/Thumb_Etsy-150x150.jpg 150w, https:\/\/cncma.de\/wp-content\/uploads\/2024\/03\/Thumb_Etsy-768x768.jpg 768w, https:\/\/cncma.de\/wp-content\/uploads\/2024\/03\/Thumb_Etsy-1536x1536.jpg 1536w, https:\/\/cncma.de\/wp-content\/uploads\/2024\/03\/Thumb_Etsy-600x600.jpg 600w, https:\/\/cncma.de\/wp-content\/uploads\/2024\/03\/Thumb_Etsy-100x100.jpg 100w, https:\/\/cncma.de\/wp-content\/uploads\/2024\/03\/Thumb_Etsy.jpg 1600w\" sizes=\"auto, (max-width: 400px) 100vw, 400px\" \/>\t\t\t\t<span class=\"product-loading-icon\"><\/span>\t\t\t\t\t<\/a>\n\t<p class=\"wc-gzd-additional-info wc-gzd-additional-info-loop tax-info\">inkl. MwSt.<\/p>\n\n\t<p class=\"wc-gzd-additional-info wc-gzd-additional-info-loop shipping-costs-info\">zzgl. <a href=\"https:\/\/cncma.de\/index.php\/versandarten\/\" target=\"_blank\">Versandkosten<\/a><\/p>\n\n\t<p class=\"wc-gzd-additional-info delivery-time-info wc-gzd-additional-info-loop\"><span class=\"delivery-time-inner delivery-time-5-7-werktage\">Lieferzeit: <span class=\"delivery-time-data\">5-7 Werktage<\/span><\/span><\/p>\n\n<a href=\"https:\/\/cncma.de\/index.php\/product\/dji-goggles-integra-schutzkappen-set\/\" aria-describedby=\"woocommerce_loop_add_to_cart_link_describedby_1997\" data-quantity=\"1\" class=\"button product_type_variable add_to_cart_button hb-buy-button\" data-product_id=\"1997\" data-product_sku=\"001153\" aria-label=\"W\u00e4hle Optionen f\u00fcr \u201eDJI Goggles Integra Schutzkappen Set\u201c\" rel=\"nofollow\">Ausf\u00fchrung w\u00e4hlen<\/a><span id=\"woocommerce_loop_add_to_cart_link_describedby_1997\" class=\"screen-reader-text\">\n\tDieses Produkt weist mehrere Varianten auf. Die Optionen k\u00f6nnen auf der Produktseite gew\u00e4hlt werden<\/span>\n\n\t\t\t\t\t<\/div>\n\t<\/a>\n\n\t<div class=\"hb-product-meta-wrapper\">\n        <div class=\"hb-product-meta\">\n\n            <div class=\"hb-woo-product-details\">\n                <a href=\"https:\/\/cncma.de\/index.php\/product\/dji-goggles-integra-schutzkappen-set\/\"><h3 class=\"woocommerce-loop-product__title\">DJI Goggles Integra Schutzkappen Set<\/h3><\/a>\n                                <div class=\"woo-cats\"><span class=\"hb-woo-shop-cats\"> <a href=\"https:\/\/cncma.de\/index.php\/product-category\/gedruckt\/\" rel=\"tag\">Gedruckt<\/a>, <a href=\"https:\/\/cncma.de\/index.php\/product-category\/rc-fpv\/\" rel=\"tag\">RC \/ FPV<\/a><\/span><\/div>\n            <\/div>\n        <\/div>\n    \n        <div class=\"hb-product-price-likes\">\n        \n\t<span class=\"price\"><span class=\"woocommerce-Price-amount amount\"><bdi>9,90&nbsp;<span class=\"woocommerce-Price-currencySymbol\">&euro;<\/span><\/bdi><\/span><\/span>\n\n\n\n<div title=\"Like this post. DJI Goggles Integra Schutzkappen Set\" id=\"like-1997\" class=\"like-holder like-button\" data-post-id=\"1997\" data-nonce=\"a91f81b36a\"><i class=\"hb-moon-heart\"><\/i><span>7<\/span><\/div>        <\/div>\n\n    <\/div>\n<\/div>\n\n\n<div class=\"hb-woo-product post-1898 product type-product status-publish has-post-thumbnail product_cat-gedruckt product_tag-kamera product_tag-meeting product_tag-monitor product_tag-mount product_tag-skype product_tag-streaming product_tag-teams product_tag-vesa product_tag-videokonferenz product_tag-webcam product_shipping_class-grossbrief last instock featured taxable shipping-taxable purchasable product-type-simple\">\n\n\t<a href=\"https:\/\/cncma.de\/index.php\/product\/vesa-kamera-mount\/\" class=\"woocommerce-LoopProduct-link woocommerce-loop-product__link\">\n\t<a href=\"https:\/\/cncma.de\/index.php\/product\/vesa-kamera-mount\/\">\n\t<div class=\"hb-woo-image-wrap\">\n\n\t\t<img loading=\"lazy\" decoding=\"async\" width=\"400\" height=\"400\" src=\"https:\/\/cncma.de\/wp-content\/uploads\/2024\/02\/20240217-DSC_3207-scaled-400x400.jpg\" class=\"attachment-woocommerce_thumbnail size-woocommerce_thumbnail\" alt=\"VESA Kamera Mount\" srcset=\"https:\/\/cncma.de\/wp-content\/uploads\/2024\/02\/20240217-DSC_3207-scaled-400x400.jpg 400w, https:\/\/cncma.de\/wp-content\/uploads\/2024\/02\/20240217-DSC_3207-scaled-100x100.jpg 100w\" sizes=\"auto, (max-width: 400px) 100vw, 400px\" \/>\t\t\t\t<span class=\"product-loading-icon\"><\/span>\t\t\t\t\t<\/a>\n\t<p class=\"wc-gzd-additional-info wc-gzd-additional-info-loop tax-info\">inkl. 19 % MwSt.<\/p>\n\n\t<p class=\"wc-gzd-additional-info wc-gzd-additional-info-loop shipping-costs-info\">zzgl. <a href=\"https:\/\/cncma.de\/index.php\/versandarten\/\" target=\"_blank\">Versandkosten<\/a><\/p>\n\n\t<p class=\"wc-gzd-additional-info delivery-time-info wc-gzd-additional-info-loop\"><span class=\"delivery-time-inner delivery-time-5-7-werktage\">Lieferzeit: <span class=\"delivery-time-data\">5-7 Werktage<\/span><\/span><\/p>\n\n<a href=\"\/index.php\/wp-json\/wp\/v2\/pages\/1683?add-to-cart=1898\" aria-describedby=\"woocommerce_loop_add_to_cart_link_describedby_1898\" data-quantity=\"1\" class=\"button product_type_simple add_to_cart_button ajax_add_to_cart hb-buy-button\" data-product_id=\"1898\" data-product_sku=\"001186\" aria-label=\"In den Warenkorb legen: \u201eVESA Kamera Mount\u201c\" rel=\"nofollow\" data-success_message=\"\u201eVESA Kamera Mount\u201c wurde deinem Warenkorb hinzugef\u00fcgt\" role=\"button\">In den Warenkorb<\/a><span id=\"woocommerce_loop_add_to_cart_link_describedby_1898\" class=\"screen-reader-text\">\n\t<\/span>\n\n\t\t\t\t<a href=\"https:\/\/cncma.de\/index.php\/product\/vesa-kamera-mount\/\" rel=\"nofollow\" class=\"hb-more-details\">View Details<\/a>\t<\/div>\n\t<\/a>\n\n\t<div class=\"hb-product-meta-wrapper\">\n        <div class=\"hb-product-meta\">\n\n            <div class=\"hb-woo-product-details\">\n                <a href=\"https:\/\/cncma.de\/index.php\/product\/vesa-kamera-mount\/\"><h3 class=\"woocommerce-loop-product__title\">VESA Kamera Mount<\/h3><\/a>\n                                <div class=\"woo-cats\"><span class=\"hb-woo-shop-cats\"> <a href=\"https:\/\/cncma.de\/index.php\/product-category\/gedruckt\/\" rel=\"tag\">Gedruckt<\/a><\/span><\/div>\n            <\/div>\n        <\/div>\n    \n        <div class=\"hb-product-price-likes\">\n        \n\t<span class=\"price\"><span class=\"woocommerce-Price-amount amount\"><bdi>24,90&nbsp;<span class=\"woocommerce-Price-currencySymbol\">&euro;<\/span><\/bdi><\/span><\/span>\n\n\n\n<div title=\"Like this post. VESA Kamera Mount\" id=\"like-1898\" class=\"like-holder like-button\" data-post-id=\"1898\" data-nonce=\"a91f81b36a\"><i class=\"hb-moon-heart\"><\/i><span>9<\/span><\/div>        <\/div>\n\n    <\/div>\n<\/div>\n\n<\/div><\/div>[\/vc_column][\/vc_row]\n<\/div>","protected":false},"excerpt":{"rendered":"<p>[vc_row][vc_column width=&#8220;2\/5&#8243;][vc_column_text]Willkommen auf CNCma.de Produkte und Dienstleistungen aus dem Herzen Europas von 3D-Druck \u00fcber Elektronik [&hellip;]<\/p>\n","protected":false},"author":2,"featured_media":0,"parent":0,"menu_order":0,"comment_status":"closed","ping_status":"open","template":"","meta":{"footnotes":""},"class_list":["post-1683","page","type-page","status-publish","hentry"],"yoast_head":"<!-- This site is optimized with the Yoast SEO plugin v27.3 - https:\/\/yoast.com\/product\/yoast-seo-wordpress\/ -->\n<title>Start - CNCmade<\/title>\n<meta name=\"description\" content=\"Produkte und Dienstleistungen aus dem Herzen Europas von 3D-Druck \u00fcber Elektronik bis CNC-Zerspanung. Kleinserien, Dienstleistungen, CAD und Prototyping\" \/>\n<meta name=\"robots\" content=\"index, follow, max-snippet:-1, max-image-preview:large, max-video-preview:-1\" \/>\n<link rel=\"canonical\" href=\"https:\/\/cncma.de\/\" \/>\n<meta property=\"og:locale\" content=\"de_DE\" \/>\n<meta property=\"og:type\" content=\"article\" \/>\n<meta property=\"og:title\" content=\"Start - CNCmade\" \/>\n<meta property=\"og:description\" content=\"Produkte und Dienstleistungen aus dem Herzen Europas von 3D-Druck \u00fcber Elektronik bis CNC-Zerspanung. Kleinserien, Dienstleistungen, CAD und Prototyping\" \/>\n<meta property=\"og:url\" content=\"https:\/\/cncma.de\/\" \/>\n<meta property=\"og:site_name\" content=\"CNCmade\" \/>\n<meta property=\"article:modified_time\" content=\"2024-03-13T09:55:58+00:00\" \/>\n<meta name=\"twitter:card\" content=\"summary_large_image\" \/>\n<meta name=\"twitter:label1\" content=\"Gesch\u00e4tzte Lesezeit\" \/>\n\t<meta name=\"twitter:data1\" content=\"2\u00a0Minuten\" \/>\n<script type=\"application\/ld+json\" class=\"yoast-schema-graph\">{\"@context\":\"https:\\\/\\\/schema.org\",\"@graph\":[{\"@type\":\"WebPage\",\"@id\":\"https:\\\/\\\/cncma.de\\\/\",\"url\":\"https:\\\/\\\/cncma.de\\\/\",\"name\":\"Start - CNCmade\",\"isPartOf\":{\"@id\":\"https:\\\/\\\/cncma.de\\\/#website\"},\"datePublished\":\"2024-02-07T01:14:50+00:00\",\"dateModified\":\"2024-03-13T09:55:58+00:00\",\"description\":\"Produkte und Dienstleistungen aus dem Herzen Europas von 3D-Druck \u00fcber Elektronik bis CNC-Zerspanung. Kleinserien, Dienstleistungen, CAD und Prototyping\",\"breadcrumb\":{\"@id\":\"https:\\\/\\\/cncma.de\\\/#breadcrumb\"},\"inLanguage\":\"de\",\"potentialAction\":[{\"@type\":\"ReadAction\",\"target\":[\"https:\\\/\\\/cncma.de\\\/\"]}]},{\"@type\":\"BreadcrumbList\",\"@id\":\"https:\\\/\\\/cncma.de\\\/#breadcrumb\",\"itemListElement\":[{\"@type\":\"ListItem\",\"position\":1,\"name\":\"Startseite\",\"item\":\"https:\\\/\\\/cncma.de\\\/\"},{\"@type\":\"ListItem\",\"position\":2,\"name\":\"Start\"}]},{\"@type\":\"WebSite\",\"@id\":\"https:\\\/\\\/cncma.de\\\/#website\",\"url\":\"https:\\\/\\\/cncma.de\\\/\",\"name\":\"CNCmade\",\"description\":\"Gedruckt, Gefr\u00e4st, Gel\u00f6tet\",\"publisher\":{\"@id\":\"https:\\\/\\\/cncma.de\\\/#organization\"},\"potentialAction\":[{\"@type\":\"SearchAction\",\"target\":{\"@type\":\"EntryPoint\",\"urlTemplate\":\"https:\\\/\\\/cncma.de\\\/?s={search_term_string}\"},\"query-input\":{\"@type\":\"PropertyValueSpecification\",\"valueRequired\":true,\"valueName\":\"search_term_string\"}}],\"inLanguage\":\"de\"},{\"@type\":\"Organization\",\"@id\":\"https:\\\/\\\/cncma.de\\\/#organization\",\"name\":\"CNCmade\",\"url\":\"https:\\\/\\\/cncma.de\\\/\",\"logo\":{\"@type\":\"ImageObject\",\"inLanguage\":\"de\",\"@id\":\"https:\\\/\\\/cncma.de\\\/#\\\/schema\\\/logo\\\/image\\\/\",\"url\":\"https:\\\/\\\/cncma.de\\\/wp-content\\\/uploads\\\/2024\\\/02\\\/Logo_Simple_wide_350.png\",\"contentUrl\":\"https:\\\/\\\/cncma.de\\\/wp-content\\\/uploads\\\/2024\\\/02\\\/Logo_Simple_wide_350.png\",\"width\":350,\"height\":83,\"caption\":\"CNCmade\"},\"image\":{\"@id\":\"https:\\\/\\\/cncma.de\\\/#\\\/schema\\\/logo\\\/image\\\/\"},\"sameAs\":[\"http:\\\/\\\/instagram.com\\\/cncma.de\\\/\",\"https:\\\/\\\/www.youtube.com\\\/@cncmade\"]}]}<\/script>\n<!-- \/ Yoast SEO plugin. -->","yoast_head_json":{"title":"Start - CNCmade","description":"Produkte und Dienstleistungen aus dem Herzen Europas von 3D-Druck \u00fcber Elektronik bis CNC-Zerspanung. Kleinserien, Dienstleistungen, CAD und Prototyping","robots":{"index":"index","follow":"follow","max-snippet":"max-snippet:-1","max-image-preview":"max-image-preview:large","max-video-preview":"max-video-preview:-1"},"canonical":"https:\/\/cncma.de\/","og_locale":"de_DE","og_type":"article","og_title":"Start - CNCmade","og_description":"Produkte und Dienstleistungen aus dem Herzen Europas von 3D-Druck \u00fcber Elektronik bis CNC-Zerspanung. Kleinserien, Dienstleistungen, CAD und Prototyping","og_url":"https:\/\/cncma.de\/","og_site_name":"CNCmade","article_modified_time":"2024-03-13T09:55:58+00:00","twitter_card":"summary_large_image","twitter_misc":{"Gesch\u00e4tzte Lesezeit":"2\u00a0Minuten"},"schema":{"@context":"https:\/\/schema.org","@graph":[{"@type":"WebPage","@id":"https:\/\/cncma.de\/","url":"https:\/\/cncma.de\/","name":"Start - CNCmade","isPartOf":{"@id":"https:\/\/cncma.de\/#website"},"datePublished":"2024-02-07T01:14:50+00:00","dateModified":"2024-03-13T09:55:58+00:00","description":"Produkte und Dienstleistungen aus dem Herzen Europas von 3D-Druck \u00fcber Elektronik bis CNC-Zerspanung. Kleinserien, Dienstleistungen, CAD und Prototyping","breadcrumb":{"@id":"https:\/\/cncma.de\/#breadcrumb"},"inLanguage":"de","potentialAction":[{"@type":"ReadAction","target":["https:\/\/cncma.de\/"]}]},{"@type":"BreadcrumbList","@id":"https:\/\/cncma.de\/#breadcrumb","itemListElement":[{"@type":"ListItem","position":1,"name":"Startseite","item":"https:\/\/cncma.de\/"},{"@type":"ListItem","position":2,"name":"Start"}]},{"@type":"WebSite","@id":"https:\/\/cncma.de\/#website","url":"https:\/\/cncma.de\/","name":"CNCmade","description":"Gedruckt, Gefr\u00e4st, Gel\u00f6tet","publisher":{"@id":"https:\/\/cncma.de\/#organization"},"potentialAction":[{"@type":"SearchAction","target":{"@type":"EntryPoint","urlTemplate":"https:\/\/cncma.de\/?s={search_term_string}"},"query-input":{"@type":"PropertyValueSpecification","valueRequired":true,"valueName":"search_term_string"}}],"inLanguage":"de"},{"@type":"Organization","@id":"https:\/\/cncma.de\/#organization","name":"CNCmade","url":"https:\/\/cncma.de\/","logo":{"@type":"ImageObject","inLanguage":"de","@id":"https:\/\/cncma.de\/#\/schema\/logo\/image\/","url":"https:\/\/cncma.de\/wp-content\/uploads\/2024\/02\/Logo_Simple_wide_350.png","contentUrl":"https:\/\/cncma.de\/wp-content\/uploads\/2024\/02\/Logo_Simple_wide_350.png","width":350,"height":83,"caption":"CNCmade"},"image":{"@id":"https:\/\/cncma.de\/#\/schema\/logo\/image\/"},"sameAs":["http:\/\/instagram.com\/cncma.de\/","https:\/\/www.youtube.com\/@cncmade"]}]}},"_links":{"self":[{"href":"https:\/\/cncma.de\/index.php\/wp-json\/wp\/v2\/pages\/1683","targetHints":{"allow":["GET"]}}],"collection":[{"href":"https:\/\/cncma.de\/index.php\/wp-json\/wp\/v2\/pages"}],"about":[{"href":"https:\/\/cncma.de\/index.php\/wp-json\/wp\/v2\/types\/page"}],"author":[{"embeddable":true,"href":"https:\/\/cncma.de\/index.php\/wp-json\/wp\/v2\/users\/2"}],"replies":[{"embeddable":true,"href":"https:\/\/cncma.de\/index.php\/wp-json\/wp\/v2\/comments?post=1683"}],"version-history":[{"count":53,"href":"https:\/\/cncma.de\/index.php\/wp-json\/wp\/v2\/pages\/1683\/revisions"}],"predecessor-version":[{"id":1991,"href":"https:\/\/cncma.de\/index.php\/wp-json\/wp\/v2\/pages\/1683\/revisions\/1991"}],"wp:attachment":[{"href":"https:\/\/cncma.de\/index.php\/wp-json\/wp\/v2\/media?parent=1683"}],"curies":[{"name":"wp","href":"https:\/\/api.w.org\/{rel}","templated":true}]}}